{"id":1193,"date":"2025-01-06T14:16:59","date_gmt":"2025-01-06T13:16:59","guid":{"rendered":"https:\/\/ulihoffmeier-99a1bzfn.live-website.com\/?page_id=1193"},"modified":"2026-02-02T13:14:37","modified_gmt":"2026-02-02T12:14:37","slug":"ws-provence-2015","status":"publish","type":"page","link":"https:\/\/www.uli-hoffmeier.de\/de\/workshops-lessons\/workshop-jazzguitar-provence\/ws-provence-2015\/","title":{"rendered":"WS Provence 2015"},"content":{"rendered":"\t\t<div data-elementor-type=\"wp-page\" data-elementor-id=\"1193\" class=\"elementor elementor-1193\" data-elementor-post-type=\"page\">\n\t\t\t\t<div class=\"elementor-element elementor-element-6c5dc76 e-flex e-con-boxed e-con e-parent\" data-id=\"6c5dc76\" data-element_type=\"container\" data-e-type=\"container\">\n\t\t\t\t\t<div class=\"e-con-inner\">\n\t\t\t\t<div class=\"elementor-element elementor-element-39a170a elementor-widget elementor-widget-heading\" data-id=\"39a170a\" data-element_type=\"widget\" data-e-type=\"widget\" data-widget_type=\"heading.default\">\n\t\t\t\t<div class=\"elementor-widget-container\">\n\t\t\t\t\t<h1 class=\"elementor-heading-title elementor-size-default\">Workshop Jazzguitar Provence 2015<\/h1>\t\t\t\t<\/div>\n\t\t\t\t<\/div>\n\t\t\t\t<div class=\"elementor-element elementor-element-86be6b5 elementor-widget elementor-widget-text-editor\" data-id=\"86be6b5\" data-element_type=\"widget\" data-e-type=\"widget\" data-widget_type=\"text-editor.default\">\n\t\t\t\t<div class=\"elementor-widget-container\">\n\t\t\t\t\t\t\t\t\t<p><b>Mit Gene Bertoncini, Ahmed El-Salamouny und Uli Hoffmeier<\/b><\/p>\t\t\t\t\t\t\t\t<\/div>\n\t\t\t\t<\/div>\n\t\t\t\t<div class=\"elementor-element elementor-element-5844631 elementor-widget elementor-widget-text-editor\" data-id=\"5844631\" data-element_type=\"widget\" data-e-type=\"widget\" data-widget_type=\"text-editor.default\">\n\t\t\t\t<div class=\"elementor-widget-container\">\n\t\t\t\t\t\t\t\t\t<p>Zum ersten mal habe ich den Workshop alleine organisiert und durchgef\u00fchrt weil Gitarrenbauer Stefan Sonntag sich zur\u00fcckgezogen hat und als Mitorganisator nicht mehr in Erscheinung treten wollte. Dadurch waren sicher ein paar Gitarren weniger zum Antesten vorhanden und auch die Internetpr\u00e4senz des Workshops war weniger stark als in den Jahren zuvor. Andererseits gab es zum ersten mal die M\u00f6glichkeit &#8211; statt wie bisher nur einen &#8211; zwei zus\u00e4tzliche Dozenten zu engagieren:\u00a0<span style=\"text-align: var(--text-align); font-size: 1.1rem;\"><strong>Ahmed El-Salamouny<\/strong> und <strong>Gene Beroncini<\/strong>.<\/span><\/p>\t\t\t\t\t\t\t\t<\/div>\n\t\t\t\t<\/div>\n\t\t<div class=\"elementor-element elementor-element-44d66d6 e-con-full e-flex e-con e-child\" data-id=\"44d66d6\" data-element_type=\"container\" data-e-type=\"container\">\n\t\t\t\t<div class=\"elementor-element elementor-element-559a73d elementor-widget elementor-widget-image\" data-id=\"559a73d\" data-element_type=\"widget\" data-e-type=\"widget\" data-widget_type=\"image.default\">\n\t\t\t\t<div class=\"elementor-widget-container\">\n\t\t\t\t\t\t\t\t\t\t\t\t\t\t\t<img fetchpriority=\"high\" decoding=\"async\" width=\"428\" height=\"640\" src=\"https:\/\/www.uli-hoffmeier.de\/wp-content\/uploads\/2025\/03\/IMG_6607.jpeg\" class=\"attachment-large size-large wp-image-1532\" alt=\"\" srcset=\"https:\/\/www.uli-hoffmeier.de\/wp-content\/uploads\/2025\/03\/IMG_6607.jpeg 428w, https:\/\/www.uli-hoffmeier.de\/wp-content\/uploads\/2025\/03\/IMG_6607-201x300.jpeg 201w, https:\/\/www.uli-hoffmeier.de\/wp-content\/uploads\/2025\/03\/IMG_6607-8x12.jpeg 8w\" sizes=\"(max-width: 428px) 100vw, 428px\" \/>\t\t\t\t\t\t\t\t\t\t\t\t\t\t\t<\/div>\n\t\t\t\t<\/div>\n\t\t\t\t<\/div>\n\t\t\t\t<div class=\"elementor-element elementor-element-70b9cca elementor-widget elementor-widget-text-editor\" data-id=\"70b9cca\" data-element_type=\"widget\" data-e-type=\"widget\" data-widget_type=\"text-editor.default\">\n\t\t\t\t<div class=\"elementor-widget-container\">\n\t\t\t\t\t\t\t\t\t<p class=\"bodytext\">F\u00fcr das Thema <strong>Bossa&amp;Brazil<\/strong> erg\u00e4nzten sich beide phantastisch: Gene inspirierte mit seinen jazzigen Arrangements w\u00e4hrend Ahmed besonderen Schwerpunkt auf Originalpattern in der Begleitung legte. Beide spielen Nylonstring-Gitarren und so war es nur folgerichtig, da\u00df meine Aufgabe darin bestand, die Grundlagen des Rhythmus- und Solospiels auf der Archtopgitarre zu zeigen.<\/p><p class=\"bodytext\">Jeden Morgen nach dem Fr\u00fchst\u00fcck gab es unter Anleitung von Ahmed ein Warm-up auf brasilianischen Rhythmusinstrumenten, auf denen wir die wichtigsten Originalrhythmen lernten. Und zum ersten Mal konnten auch die mitgereisten Partnerinnen und Partner an der Musik aktiv teilnehmen weil wir zusammen eine richtige Batucada auf die Beine stellten. Das Spiel auf Surdo, Tamborim, Agogo, Shaker und weiteren Percussioninstrumenten rie\u00df uns so mit und entwickelte sich so gut, da\u00df wir beschlossen, diesen Carnevalsumzug zum Ein- und Ausmarsch beim Abschlu\u00dfkonzert auch dem geneigten Publikum vorzuf\u00fchren. Damit standen zum ersten mal auch viele \u201eNicht-Gitarristen\u201c auf (bzw. vor) der B\u00fchne und waren musikalisch an der Gestaltung des Abends beteiligt, was dem Kurs nat\u00fcrlich eine ganz besondere Atmosph\u00e4re gab.<\/p><p class=\"bodytext\">Die drei Dozenten teilten sich die Teilnehmer gleich auf und jede Gruppe hatte genau so viel Zeit mit jedem Dozenten &#8211; was allerdings dazu f\u00fchrte, da\u00df an einem der Tage der Unterricht vor- und nachmittags stattfand. Dadurch war der angebotene Stoff insgesamt f\u00fcr einige Teilnehmer mehr, als in einer Woche verkraftet werden konnte zumal wir auf den traditionellen Besuch des Provencemarktes in St.R\u00e9my am Mittwoch Vormittag genauso wenig verzichten wollten wie auf den Besuch einer Ziegnk\u00e4serei im Nachbarort Le Paradou bei dem wir uns als Ap\u00e9ro vor dem Diner den herrlichsten Ziegenk\u00e4se auf der Zunge zergehen lie\u00dfen.<\/p><p class=\"bodytext\">Der Unterricht war in diesem Jahr so konzipiert, da\u00df alle drei Dozenten den Teilnehmern u.a. dasselbe St\u00fcck n\u00e4her brachten: den Bossa Nova \u201eBlack Orpheus\u201c.<\/p><p class=\"bodytext\">Ahmed konnte die wichtigsten Pattern an den Mann und die Frau bringen, Gene \u00fcberraschte mit einer harmonisierten Melodielinie, und ich demonstrierte neben der Rhythmusbegleitung wie man mit ein paar \u201eElementen der Jazzsprache\u201c nach Coker sofort Soli spielen kann, die nach Jazz klingen. Nat\u00fcrlich war \u201eBlack Orpheus\u201c eines der von allen gespielten Highlight des Abschlu\u00dfkonzertes im Salle Agora, den wir dank der Unterst\u00fctzung der Stadt Maussane und des Kulturreferenten Mr.Lopez wieder zur Verf\u00fcgung gestellt bekamen und der wie in den Vorjahren gut gef\u00fcllt war.<\/p><p class=\"bodytext\">Dieses Jahr schien die Vorbereitung auf das Abschlu\u00dfkonzert wesentlich relaxter zu sein \u2013 viele \u201eWiederholungst\u00e4ter\u201c kannten ja das Procedere und strahlten offenbar genug Sicherheit auch f\u00fcr die Neuen aus: nach dem gemeinsamen Diner um 18:00 Uhr machten wir uns zu Fu\u00df, mit dem Rad oder dem Auto zum nahegelegenen Saal auf. Nachmittags hatten wir bereits aufgebaut und Soundcheck gemacht &#8211; eine Generalprobe wie in manch fr\u00fcheren Jahren erschien uns nicht n\u00f6tig. Die St\u00fccke wurden dann in einem Set ab 20:30 sehr gekonnt auf die B\u00fchne gebracht und wie in den Jahren zuvor von mir anmoderiert. Der Beifall war berauschend und wurde von uns in angemessener K\u00f6rperhaltung entgegengenommen.<\/p><p class=\"bodytext\">Ein Highlight war die Darbietung des Evergreens \u201eKilling me softly\u201c durch die Gewinner des allabendlichen Contests im Hotel: jeden Abend wird ja ein Tisch ausgelost, der nach dem Hauptgang des Vier-G\u00e4nge-Menus eine kurze Darbietung zum Besten gibt. So gab es in den vergangenen Jahren u.a. Jazzstandards, Kanons, Sketche, Zaubertricks, Jonglagen und eben den oben genannten Song, der durch seine besondere Bearbeitung mit Dobro und Satzgesang den ersten Platz belegte und wiederum mitgereisten Partnerinnen die M\u00f6glichkeit gab, aktiv auf der B\u00fchne zu partizipieren.<\/p><p class=\"bodytext\">Das Hotel Val Baussenc \u00fcberrascht uns jedes Jahr mit kleinen Ver\u00e4nderungen: hier ein frisch gestrichenes Zimmer, dort ein neuer Fu\u00dfboden, neue Betten oder WCs. Die Crew um Chefin Isabelle (auf dem Foto ganz rechts) legt sich m\u00e4chtig ins Zeug, um den Aufenthalt so angenehm wie m\u00f6glich zu gestalten. Auch spezielle W\u00fcnsche f\u00fcrs Diner sind f\u00fcr die K\u00fcche kein Problem: ob vegetarisch oder vegan, alles ist stets lecker, frisch zubereitet und beinahe sterneverd\u00e4chtig! Die Bar ist fast den ganzen Tag bis weit in die Nacht hinein ge\u00f6ffnet, damit wir ausreichend mit Kaffee und anregenden Getr\u00e4nken versorgt sind und bei den Sessions nicht pl\u00f6tzlich \u201eauf dem Trockenen\u201c sitzen.<\/p><p class=\"bodytext\">Apropos Session: die \u201eSession light\u201c f\u00fcr weniger Versierte im Seminarraum fand gro\u00dfe Zustimmung und wird sicher in Zukunft fortgesetzt.<\/p><p class=\"bodytext\">F\u00fcr die traditionelle Abschlu\u00dffeier nach dem Konzert hatte ich zum Ansto\u00dfen Champagner kalt stellen lassen aber zun\u00e4chst wurde jedem Teilnehmer die von den drei Dozenten unterschriebene Urkunde \u00fcber die erfolgreiche Teilnahme \u00fcberreicht.<\/p><p class=\"bodytext\">Anschlie\u00dfend wurde ausgelassen gefeiert, getanzt und musiziert!<\/p><p class=\"bodytext\">Einige Teilnehmer nutzen inzwischen ja ausgiebig die Gelegenheit, zu den g\u00fcnstigen Konditionen, die uns das Hotel auch \u00fcber die Woche hinaus gew\u00e4hrt, einige Tage Extraurlaub voranzustellen oder hinten dran zu h\u00e4ngen. So bleibt trotz aller Musik noch Zeit, f\u00fcr Ausfl\u00fcge per Rad z.B. auf den Mont Ventoux, ans Meer oder um vorhandene Kontakte und Freundschaften zu vertiefen.<\/p><p class=\"bodytext\">Dieses Jahr gab es besonders viel Feedback, was mich nat\u00fcrlich sehr gefreut hat und wof\u00fcr ich mich ganz herzlich bedanken m\u00f6chte. Ich versuche, alle Anregungen, die ins Konzept passen, umzusetzen, bitte aber um Nachsicht, wenn sich nicht jede Idee verwirklichen l\u00e4\u00dft. Der Workshop soll auch in Zukunft eine kleine Oase bleiben und wird &#8211; solange ich dabei bin &#8211; nicht kommerzialisiert werden. Ich habe Vertrauen in die Eigeninitiative der Teilnehmer, angefangen beim Finden der Informationen im Netz, \u00fcber die selbstorganisierte Anreise, dem Buchen zus\u00e4tzlicher Tage im Hotel, dem Organisieren der \u201eFreizeit\u201c, bei den Sessions, bis zur Auswahl der \u00f6ffentlich aufgef\u00fchrten St\u00fccke. Der Workshop ist kein All-Inclusiv-Rund-Um-Sorglos-Paket! Mir liegt andererseits viel an einer entspannt-famili\u00e4ren Atmosph\u00e4re, in der jeder von jedem lernen kann und in der jeder Bereitschaft zeigt, mit jedem zu spielen. Auch die Erschwinglichkeit f\u00fcr \u201ejedermann\u201c liegt mir am Herzen. Deshalb tut es mir auch leid, da\u00df die Teilnahmegeb\u00fchren zum ersten mal seit 2012 wieder etwas steigen (von 820 \u20ac auf 850 \u20ac im EZ und von 1078 \u20ac auf 1125 \u20ac im DZ, inklusive Unterrichtsgeb\u00fchr, Fr\u00fchst\u00fcck und Vier-Gang-Menu mit Wein und Kaffee): zum einen hat das Hotel seine Preise erh\u00f6ht und zum anderen besteht ein gro\u00dfes Risiko durch den unberechenbaren Dollarkurs oder die steigenden Flugpreise. Am Konzept, keine Gewinne zu erwirtschaften und keinen administrativen \u201eKropf\u201c mitzuversorgen, wird aber ebenso wenig ger\u00fcttelt wie an der fairen Bezahlung der Dozenten, die seit 10 Jahren unver\u00e4ndert ist. Das Risiko, die amerikanischen Gitarristen \u00fcber den \u201egro\u00dfen Teich\u201c zu holen, trage ich gerne weiterhin. Als ich vor \u00fcber 15 Jahren mit Jazzworkshops begann, spielten Organisation und Medienpr\u00e4senz noch nicht die Rolle wie heute. Beides ben\u00f6tigt viel Zeit, die mir wegen meinen musikalischen T\u00e4tigkeiten nur begrenzt zur Verf\u00fcgung steht. F\u00fcr kleinere administrative Unzul\u00e4nglichkeit, die deshalb auch in Zukunft auftreten k\u00f6nnen, bitte ich um Verst\u00e4ndnis und biete auf der anderen Seite jedem der mitkommt, meine gr\u00f6\u00dftm\u00f6gliche Unterst\u00fctzung und Aufmerksamkeit vor Ort sowie die einmalige Chance, gemeinsam Musik, Lernen und Lachen zu teilen und zu erleben.<\/p>\t\t\t\t\t\t\t\t<\/div>\n\t\t\t\t<\/div>\n\t\t\t\t\t<\/div>\n\t\t\t\t<\/div>\n\t\t\t\t<\/div>\n\t\t","protected":false},"excerpt":{"rendered":"<p>Workshop Jazzguitar Provence 2015 Mit Gene Bertoncini, Ahmed El-Salamouny und Uli Hoffmeier Zum ersten mal habe ich den Workshop alleine organisiert und durchgef\u00fchrt weil Gitarrenbauer Stefan Sonntag sich zur\u00fcckgezogen hat und als Mitorganisator nicht mehr in Erscheinung treten wollte. Dadurch waren sicher ein paar Gitarren weniger zum Antesten vorhanden und auch die Internetpr\u00e4senz des Workshops [&hellip;]<\/p>\n","protected":false},"author":1,"featured_media":0,"parent":128,"menu_order":0,"comment_status":"closed","ping_status":"closed","template":"elementor_header_footer","meta":{"footnotes":""},"class_list":["post-1193","page","type-page","status-publish","hentry"],"_links":{"self":[{"href":"https:\/\/www.uli-hoffmeier.de\/de\/wp-json\/wp\/v2\/pages\/1193","targetHints":{"allow":["GET"]}}],"collection":[{"href":"https:\/\/www.uli-hoffmeier.de\/de\/wp-json\/wp\/v2\/pages"}],"about":[{"href":"https:\/\/www.uli-hoffmeier.de\/de\/wp-json\/wp\/v2\/types\/page"}],"author":[{"embeddable":true,"href":"https:\/\/www.uli-hoffmeier.de\/de\/wp-json\/wp\/v2\/users\/1"}],"replies":[{"embeddable":true,"href":"https:\/\/www.uli-hoffmeier.de\/de\/wp-json\/wp\/v2\/comments?post=1193"}],"version-history":[{"count":11,"href":"https:\/\/www.uli-hoffmeier.de\/de\/wp-json\/wp\/v2\/pages\/1193\/revisions"}],"predecessor-version":[{"id":1824,"href":"https:\/\/www.uli-hoffmeier.de\/de\/wp-json\/wp\/v2\/pages\/1193\/revisions\/1824"}],"up":[{"embeddable":true,"href":"https:\/\/www.uli-hoffmeier.de\/de\/wp-json\/wp\/v2\/pages\/128"}],"wp:attachment":[{"href":"https:\/\/www.uli-hoffmeier.de\/de\/wp-json\/wp\/v2\/media?parent=1193"}],"curies":[{"name":"wp","href":"https:\/\/api.w.org\/{rel}","templated":true}]}}

<div data-elementor-type="wp-page" data-elementor-id="1193" class="elementor elementor-1193" data-elementor-post-type="page">
				<div class="elementor-element elementor-element-6c5dc76 e-flex e-con-boxed e-con e-parent" data-id="6c5dc76" data-element_type="container" data-e-type="container">
					<div class="e-con-inner">
				<div class="elementor-element elementor-element-39a170a elementor-widget elementor-widget-heading" data-id="39a170a" data-element_type="widget" data-e-type="widget" data-widget_type="heading.default">
				<div class="elementor-widget-container">
					<h1 class="elementor-heading-title elementor-size-default">Workshop Jazzguitar Provence 2015</h1>				</div>
				</div>
				<div class="elementor-element elementor-element-86be6b5 elementor-widget elementor-widget-text-editor" data-id="86be6b5" data-element_type="widget" data-e-type="widget" data-widget_type="text-editor.default">
				<div class="elementor-widget-container">
									<p><b>Mit Gene Bertoncini, Ahmed El-Salamouny und Uli Hoffmeier</b></p>								</div>
				</div>
				<div class="elementor-element elementor-element-5844631 elementor-widget elementor-widget-text-editor" data-id="5844631" data-element_type="widget" data-e-type="widget" data-widget_type="text-editor.default">
				<div class="elementor-widget-container">
									<p>Zum ersten mal habe ich den Workshop alleine organisiert und durchgeführt weil Gitarrenbauer Stefan Sonntag sich zurückgezogen hat und als Mitorganisator nicht mehr in Erscheinung treten wollte. Dadurch waren sicher ein paar Gitarren weniger zum Antesten vorhanden und auch die Internetpräsenz des Workshops war weniger stark als in den Jahren zuvor. Andererseits gab es zum ersten mal die Möglichkeit &#8211; statt wie bisher nur einen &#8211; zwei zusätzliche Dozenten zu engagieren: <span style="text-align: var(--text-align); font-size: 1.1rem;"><strong>Ahmed El-Salamouny</strong> und <strong>Gene Beroncini</strong>.</span></p>								</div>
				</div>
		<div class="elementor-element elementor-element-44d66d6 e-con-full e-flex e-con e-child" data-id="44d66d6" data-element_type="container" data-e-type="container">
				<div class="elementor-element elementor-element-559a73d elementor-widget elementor-widget-image" data-id="559a73d" data-element_type="widget" data-e-type="widget" data-widget_type="image.default">
				<div class="elementor-widget-container">
															<img fetchpriority="high" decoding="async" width="428" height="640" src="https://www.uli-hoffmeier.de/wp-content/uploads/2025/03/IMG_6607.jpeg" class="attachment-large size-large wp-image-1532" alt="" srcset="https://www.uli-hoffmeier.de/wp-content/uploads/2025/03/IMG_6607.jpeg 428w, https://www.uli-hoffmeier.de/wp-content/uploads/2025/03/IMG_6607-201x300.jpeg 201w, https://www.uli-hoffmeier.de/wp-content/uploads/2025/03/IMG_6607-8x12.jpeg 8w" sizes="(max-width: 428px) 100vw, 428px" />															</div>
				</div>
				</div>
				<div class="elementor-element elementor-element-70b9cca elementor-widget elementor-widget-text-editor" data-id="70b9cca" data-element_type="widget" data-e-type="widget" data-widget_type="text-editor.default">
				<div class="elementor-widget-container">
									<p class="bodytext">Für das Thema <strong>Bossa&amp;Brazil</strong> ergänzten sich beide phantastisch: Gene inspirierte mit seinen jazzigen Arrangements während Ahmed besonderen Schwerpunkt auf Originalpattern in der Begleitung legte. Beide spielen Nylonstring-Gitarren und so war es nur folgerichtig, daß meine Aufgabe darin bestand, die Grundlagen des Rhythmus- und Solospiels auf der Archtopgitarre zu zeigen.</p><p class="bodytext">Jeden Morgen nach dem Frühstück gab es unter Anleitung von Ahmed ein Warm-up auf brasilianischen Rhythmusinstrumenten, auf denen wir die wichtigsten Originalrhythmen lernten. Und zum ersten Mal konnten auch die mitgereisten Partnerinnen und Partner an der Musik aktiv teilnehmen weil wir zusammen eine richtige Batucada auf die Beine stellten. Das Spiel auf Surdo, Tamborim, Agogo, Shaker und weiteren Percussioninstrumenten rieß uns so mit und entwickelte sich so gut, daß wir beschlossen, diesen Carnevalsumzug zum Ein- und Ausmarsch beim Abschlußkonzert auch dem geneigten Publikum vorzuführen. Damit standen zum ersten mal auch viele „Nicht-Gitarristen“ auf (bzw. vor) der Bühne und waren musikalisch an der Gestaltung des Abends beteiligt, was dem Kurs natürlich eine ganz besondere Atmosphäre gab.</p><p class="bodytext">Die drei Dozenten teilten sich die Teilnehmer gleich auf und jede Gruppe hatte genau so viel Zeit mit jedem Dozenten &#8211; was allerdings dazu führte, daß an einem der Tage der Unterricht vor- und nachmittags stattfand. Dadurch war der angebotene Stoff insgesamt für einige Teilnehmer mehr, als in einer Woche verkraftet werden konnte zumal wir auf den traditionellen Besuch des Provencemarktes in St.Rémy am Mittwoch Vormittag genauso wenig verzichten wollten wie auf den Besuch einer Ziegnkäserei im Nachbarort Le Paradou bei dem wir uns als Apéro vor dem Diner den herrlichsten Ziegenkäse auf der Zunge zergehen ließen.</p><p class="bodytext">Der Unterricht war in diesem Jahr so konzipiert, daß alle drei Dozenten den Teilnehmern u.a. dasselbe Stück näher brachten: den Bossa Nova „Black Orpheus“.</p><p class="bodytext">Ahmed konnte die wichtigsten Pattern an den Mann und die Frau bringen, Gene überraschte mit einer harmonisierten Melodielinie, und ich demonstrierte neben der Rhythmusbegleitung wie man mit ein paar „Elementen der Jazzsprache“ nach Coker sofort Soli spielen kann, die nach Jazz klingen. Natürlich war „Black Orpheus“ eines der von allen gespielten Highlight des Abschlußkonzertes im Salle Agora, den wir dank der Unterstützung der Stadt Maussane und des Kulturreferenten Mr.Lopez wieder zur Verfügung gestellt bekamen und der wie in den Vorjahren gut gefüllt war.</p><p class="bodytext">Dieses Jahr schien die Vorbereitung auf das Abschlußkonzert wesentlich relaxter zu sein – viele „Wiederholungstäter“ kannten ja das Procedere und strahlten offenbar genug Sicherheit auch für die Neuen aus: nach dem gemeinsamen Diner um 18:00 Uhr machten wir uns zu Fuß, mit dem Rad oder dem Auto zum nahegelegenen Saal auf. Nachmittags hatten wir bereits aufgebaut und Soundcheck gemacht &#8211; eine Generalprobe wie in manch früheren Jahren erschien uns nicht nötig. Die Stücke wurden dann in einem Set ab 20:30 sehr gekonnt auf die Bühne gebracht und wie in den Jahren zuvor von mir anmoderiert. Der Beifall war berauschend und wurde von uns in angemessener Körperhaltung entgegengenommen.</p><p class="bodytext">Ein Highlight war die Darbietung des Evergreens „Killing me softly“ durch die Gewinner des allabendlichen Contests im Hotel: jeden Abend wird ja ein Tisch ausgelost, der nach dem Hauptgang des Vier-Gänge-Menus eine kurze Darbietung zum Besten gibt. So gab es in den vergangenen Jahren u.a. Jazzstandards, Kanons, Sketche, Zaubertricks, Jonglagen und eben den oben genannten Song, der durch seine besondere Bearbeitung mit Dobro und Satzgesang den ersten Platz belegte und wiederum mitgereisten Partnerinnen die Möglichkeit gab, aktiv auf der Bühne zu partizipieren.</p><p class="bodytext">Das Hotel Val Baussenc überrascht uns jedes Jahr mit kleinen Veränderungen: hier ein frisch gestrichenes Zimmer, dort ein neuer Fußboden, neue Betten oder WCs. Die Crew um Chefin Isabelle (auf dem Foto ganz rechts) legt sich mächtig ins Zeug, um den Aufenthalt so angenehm wie möglich zu gestalten. Auch spezielle Wünsche fürs Diner sind für die Küche kein Problem: ob vegetarisch oder vegan, alles ist stets lecker, frisch zubereitet und beinahe sterneverdächtig! Die Bar ist fast den ganzen Tag bis weit in die Nacht hinein geöffnet, damit wir ausreichend mit Kaffee und anregenden Getränken versorgt sind und bei den Sessions nicht plötzlich „auf dem Trockenen“ sitzen.</p><p class="bodytext">Apropos Session: die „Session light“ für weniger Versierte im Seminarraum fand große Zustimmung und wird sicher in Zukunft fortgesetzt.</p><p class="bodytext">Für die traditionelle Abschlußfeier nach dem Konzert hatte ich zum Anstoßen Champagner kalt stellen lassen aber zunächst wurde jedem Teilnehmer die von den drei Dozenten unterschriebene Urkunde über die erfolgreiche Teilnahme überreicht.</p><p class="bodytext">Anschließend wurde ausgelassen gefeiert, getanzt und musiziert!</p><p class="bodytext">Einige Teilnehmer nutzen inzwischen ja ausgiebig die Gelegenheit, zu den günstigen Konditionen, die uns das Hotel auch über die Woche hinaus gewährt, einige Tage Extraurlaub voranzustellen oder hinten dran zu hängen. So bleibt trotz aller Musik noch Zeit, für Ausflüge per Rad z.B. auf den Mont Ventoux, ans Meer oder um vorhandene Kontakte und Freundschaften zu vertiefen.</p><p class="bodytext">Dieses Jahr gab es besonders viel Feedback, was mich natürlich sehr gefreut hat und wofür ich mich ganz herzlich bedanken möchte. Ich versuche, alle Anregungen, die ins Konzept passen, umzusetzen, bitte aber um Nachsicht, wenn sich nicht jede Idee verwirklichen läßt. Der Workshop soll auch in Zukunft eine kleine Oase bleiben und wird &#8211; solange ich dabei bin &#8211; nicht kommerzialisiert werden. Ich habe Vertrauen in die Eigeninitiative der Teilnehmer, angefangen beim Finden der Informationen im Netz, über die selbstorganisierte Anreise, dem Buchen zusätzlicher Tage im Hotel, dem Organisieren der „Freizeit“, bei den Sessions, bis zur Auswahl der öffentlich aufgeführten Stücke. Der Workshop ist kein All-Inclusiv-Rund-Um-Sorglos-Paket! Mir liegt andererseits viel an einer entspannt-familiären Atmosphäre, in der jeder von jedem lernen kann und in der jeder Bereitschaft zeigt, mit jedem zu spielen. Auch die Erschwinglichkeit für „jedermann“ liegt mir am Herzen. Deshalb tut es mir auch leid, daß die Teilnahmegebühren zum ersten mal seit 2012 wieder etwas steigen (von 820 € auf 850 € im EZ und von 1078 € auf 1125 € im DZ, inklusive Unterrichtsgebühr, Frühstück und Vier-Gang-Menu mit Wein und Kaffee): zum einen hat das Hotel seine Preise erhöht und zum anderen besteht ein großes Risiko durch den unberechenbaren Dollarkurs oder die steigenden Flugpreise. Am Konzept, keine Gewinne zu erwirtschaften und keinen administrativen „Kropf“ mitzuversorgen, wird aber ebenso wenig gerüttelt wie an der fairen Bezahlung der Dozenten, die seit 10 Jahren unverändert ist. Das Risiko, die amerikanischen Gitarristen über den „großen Teich“ zu holen, trage ich gerne weiterhin. Als ich vor über 15 Jahren mit Jazzworkshops begann, spielten Organisation und Medienpräsenz noch nicht die Rolle wie heute. Beides benötigt viel Zeit, die mir wegen meinen musikalischen Tätigkeiten nur begrenzt zur Verfügung steht. Für kleinere administrative Unzulänglichkeit, die deshalb auch in Zukunft auftreten können, bitte ich um Verständnis und biete auf der anderen Seite jedem der mitkommt, meine größtmögliche Unterstützung und Aufmerksamkeit vor Ort sowie die einmalige Chance, gemeinsam Musik, Lernen und Lachen zu teilen und zu erleben.</p>								</div>
				</div>
					</div>
				</div>
				</div>

<p>Workshop Jazzguitar Provence 2015 Mit Gene Bertoncini, Ahmed El-Salamouny und Uli Hoffmeier Zum ersten mal habe ich den Workshop alleine organisiert und durchgeführt weil Gitarrenbauer Stefan Sonntag sich zurückgezogen hat und als Mitorganisator nicht mehr in Erscheinung treten wollte. Dadurch waren sicher ein paar Gitarren weniger zum Antesten vorhanden und auch die Internetpräsenz des Workshops [&hellip;]</p>
